192?
False
Does 55 divide 6168502?
False
Does 401 divide 406614?
True
Is 65472 a multiple of 32?
True
Is 3 a factor of 1099425?
True
Is 25 a factor of 47450?
True
Is 9739811 a multiple of 412?
False
Does 119 divide 187192?
False
Is 23624 a multiple of 84?
False
Is 294254 a multiple of 744?
False
Is 12336 a multiple of 13?
False
Is 18 a factor of 324504?
True
Is 877 a factor of 7471163?
True
Does 216 divide 105840?
True
Is 74611 a multiple of 198?
False
Is 8 a factor of 182977?
False
Is 6 a factor of 696731?
False
Is 2372811 a multiple of 103?
True
Is 198 a factor of 898800?
False
Is 1053 a factor of 14391915?
False
Is 68 a factor of 136344?
False
Is 1517508 a multiple of 625?
False
Does 128 divide 788174?
False
Is 551265 a multiple of 143?
True
Does 69 divide 125304?
True
Does 22 divide 273151?
False
Is 59880 a multiple of 49?
False
Is 496 a factor of 1586208?
True
Is 272 a factor of 21246?
False
Does 2 divide 752?
True
Is 8070876 a multiple of 132?
True
Does 255 divide 530400?
True
Is 839985 a multiple of 95?
False
Does 75 divide 30233?
False
Does 398 divide 1484517?
False
Is 17 a factor of 22134?
True
Is 410 a factor of 549860?
False
Does 4 divide 86572?
True
Does 44 divide 82134?
False
Is 65 a factor of 342225?
True
Is 60 a factor of 91080?
True
Is 23 a factor of 2802918?
True
Does 57 divide 387578?
False
Is 205 a factor of 9872800?
True
Is 117 a factor of 285768?
False
Is 16 a factor of 2224528?
True
Is 61 a factor of 22436?
False
Does 228 divide 81292?
False
Is 7 a factor of 15143?
False
Does 111 divide 1519035?
True
Is 1657113 a multiple of 243?
False
Is 15872214 a multiple of 302?
True
Is 17 a factor of 2111298?
True
Is 446386 a multiple of 38?
True
Is 27906858 a multiple of 207?
False
Does 118 divide 82592?
False
Does 218 divide 203612?
True
Does 324 divide 403346?
False
Is 12492095 a multiple of 11?
True
Is 1957191 a multiple of 98?
False
Does 46 divide 1825648?
True
Does 14 divide 1586900?
True
Is 14 a factor of 3110646?
True
Is 10 a factor of 1542430?
True
Is 591838 a multiple of 4?
False
Is 1977792 a multiple of 12?
True
Is 48 a factor of 304571?
False
Does 15 divide 2697360?
True
Is 30 a factor of 910253?
False
Is 55459 a multiple of 255?
False
Is 89719 a multiple of 7?
True
Is 52 a factor of 808080?
True
Is 248 a factor of 5207008?
True
Is 8 a factor of 148064?
True
Is 62 a factor of 388876?
False
Is 1039198 a multiple of 50?
False
Does 5 divide 15645?
True
Is 847509 a multiple of 13?
True
Is 3 a factor of 1951350?
True
Is 144685 a multiple of 71?
False
Does 71 divide 483297?
True
Does 46 divide 23046?
True
Does 23 divide 42872?
True
Does 152 divide 82688?
True
Is 70644 a multiple of 32?
False
Is 116826 a multiple of 6?
True
Does 8 divide 48083?
False
Does 128 divide 88732?
False
Does 14 divide 79791?
False
Does 143 divide 430968?
False
Is 240 a factor of 72158?
False
Is 149382 a multiple of 11?
False
Is 680 a factor of 1448400?
True
Does 688 divide 2228220?
False
Does 13 divide 652483?
True
Does 11 divide 116626?
False
Is 135870 a multiple of 165?
False
Does 24 divide 24432?
True
Is 83600 a multiple of 40?
True
Is 21 a factor of 141296?
False
Is 128 a factor of 40704?
True
Is 24 a factor of 1340599?
False
Is 177 a factor of 280400?
False
Is 18 a factor of 349174?
False
Is 79 a factor of 11783561?
True
Is 13 a factor of 1105923?
True
Does 97 divide 6196984?
False
Does 27 divide 80622?
True
Is 507 a factor of 457821?
True
Is 12463248 a multiple of 48?
True
Does 49 divide 1431182?
False
Is 20 a factor of 401140?
True
Is 1671142 a multiple of 86?
False
Is 3312 a multiple of 3?
True
Does 32 divide 2363955?
False
Does 911 divide 635177?
False
Is 2195719 a multiple of 55?
False
Does 134 divide 335670?
True
Does 10 divide 10207310?
True
Is 171 a factor of 439527?
False
Is 51 a factor of 1200694?
False
Does 490 divide 270314?
False
Does 8 divide 519584?
True
Is 342432 a multiple of 328?
True
Does 1038 divide 15815734?
False
Is 13 a factor of 48581?
True
Is 450862 a multiple of 6?
False
Does 40 divide 66880?
True
Is 11296987 a multiple of 75?
False
Is 286497 a multiple of 16?
False
Is 175832 a multiple of 54?
False
Is 582466 a multiple of 358?
True
Is 2945498 a multiple of 424?
False
Is 6 a factor of 21930?
True
Does 30 divide 647686?
False
Is 338256 a multiple of 696?
True
Is 61 a factor of 1196464?
False
Is 228 a factor of 629280?
True
Is 2541147 a multiple of 545?
False
Does 132 divide 68839?
False
Does 72 divide 10577?
False
Is 615516 a multiple of 11?
True
Is 46 a factor of 15554?
False
Does 316 divide 1289942?
False
Is 504142 a multiple of 10?
False
Is 19 a factor of 150718?
False
Does 16 divide 6206864?
True
Does 29 divide 1814082?
False
Is 15 a factor of 319605?
True
Is 105 a factor of 682185?
True
Is 6 a factor of 57331?
False
Is 16133121 a multiple of 39?
False
Does 32 divide 436224?
True
Is 729928 a multiple of 23?
True
Is 162542 a multiple of 42?
False
Is 15512 a multiple of 15?
False
Is 70304 a multiple of 52?
True
Is 9 a factor of 18957?
False
Does 36 divide 259452?
True
Is 181 a factor of 1279307?
False
Does 40 divide 98960?
True
Does 4 divide 206562?
False
Does 285 divide 1982123?
False
Is 1957509 a multiple of 4?
False
Is 593868 a multiple of 6?
True
Is 735405 a multiple of 133?
False
Is 125369 a multiple of 16?
False
Is 133209 a multiple of 28?
False
Is 152400 a multiple of 80?
True
Is 31 a factor of 94457?
True
Does 488 divide 273768?
True
Is 1035425 a multiple of 281?
False
Does 29 divide 203368?
False
Is 17839 a multiple of 11?
False
Does 53 divide 2922?
False
Is 170940 a multiple of 44?
True
Is 67 a factor of 292764?
False
Is 249 a factor of 325692?
True
Is 297 a factor of 121358?
False
Is 568096 a multiple of 41?
True
Does 9 divide 143543?
False
Is 47134 a multiple of 337?
False
Is 8 a factor of 224938?
False
Is 1634304 a multiple of 384?
True
Does 11 divide 528616?
True
Does 14 divide 185066?
True
Is 285824 a multiple of 128?
True
Is 138 a factor of 347346?
True
Is 54456 a multiple of 3?
True
Does 5 divide 296421?
False
Does 19 divide 4051905?
False
Does 8 divide 9709?
False
Does 818 divide 478945?
False
Does 91 divide 292810?
False
Does 972 divide 2098068?
False
Is 7 a factor of 154847?
True
Does 10 divide 8234531?
False
Is 2529127 a multiple of 109?
True
Does 197 divide 480877?
True
Is 29 a factor of 600213?
True
Does 109 divide 2646074?
False
Is 28000 a multiple of 10?
True
Does 17 divide 877799?
False
Does 84 divide 335328?
True
Is 961634 a multiple of 1185?
False
Does 765 divide 2810064?
False
Is 369600 a multiple of 1050?
True
Is 10 a factor of 206790?
True
Is 16 a factor of 206577?
False
Does 14 divide 3963850?
False
Is 8459474 a multiple of 42?
False
Is 10309011 a multiple of 59?
True
Does 3 divide 65516?
False
Is 28 a factor of 36764?
True
Does 20 divide 63180?
True
Is 2695675 a multiple of 219?
False
Is 474138 a multiple of 71?
True
Is 10941150 a multiple of 150?
True
Is 4550833 a multiple of 277?
True
Is 30516 a multiple of 5?
False
Is 88 a factor of 129232?
False
Is 15 a factor of 6937917?
False
Is 4 a factor of 505667?
False
Is 2024008 a multiple of 47?
True
Does 12 divide 1826935?
False
Is 7572720 a multiple of 800?
False
Does 527 divide 4621263?
True
Is 155 a factor of 1251916?
False
Is 2 a factor of 148030?
True
Does 6 divide 143608?
False
Is 116670 a multiple of 194?
False
Does 28 divide 195106?
False
Is 22 a factor of 202862?
True
Is 31 a factor of 119239?
False
Is 191070 a multiple of 7?
False
Is 89029 a multiple of 7?
False
Is 929 a factor of 3671408?
True
Is 56 a factor of 87834?
False
Is 890810 a multiple of 1273?
False
Is 72 a factor of 6502824?
True
Is 248690 a multiple of 148?
False
Is 78804 a multiple of 66?
True
Does 19 divide 239818?
True
Is 201558 a multiple of 14?
True
Is 365715 a multiple of 243?
True
Does 76 divide 398989?
False
Is 2372031 a multiple of 12?
False
Is 156 a factor of 11647272?
True
Does 428 divide 456677?
False
Is 574990 a multiple of 13?
True
Is 253936 a multiple of 118?
True
Does 253 divide 489034?
False
Does 92 divide 177560?
True
Is 499746 a multiple of 69?
False
Is 7 a factor of 1772853?
False
Is 45 a factor of 445905?
True
Is 7821032 a multiple of 8?
True
Is 30662 a multiple of 24?
False
Is 16 a factor of 430160?
True
Is 83 a factor of 10924294?
True
Is 6366